r when 17 is divided by c?
1
Suppose 33*g - 388 = 404. What is the remainder when 494 is divided by g?
14
Let s(o) = 3*o**2 - 4*o. Suppose -15 = -2*t - 7. Suppose 5*r + 21*j - 90 = 20*j, 0 = -5*r - 4*j + 75. Calculate the remainder when s(t) is divided by r.
13
Suppose 14 = m - 5*l, 3*m - 31 = -59*l + 63*l. Suppose -5*q + 7 + 18 = 0. What is the remainder when 1 + 19 - (-6 + m) - 0 is divided by q?
2
Suppose 2*p = -w - p + 11, 0 = 4*w + 2*p - 14. Calculate the remainder when 111 is divided by ((-228)/28)/(w/(-14)).
54
Let o be (18 + -1 - (3 + -2))*12. Suppose 0 = 12*n + 4*n - o. Suppose -1 + 26 = 5*s. Calculate the remainder when n is divided by s.
2
Suppose -712 = -3*f + 4*s, -3*f - 2*s + 317 = -371. What is the remainder when f is divided by 112?
8
Suppose -2*m = -l + 1215, -46*l - 4*m + 3635 = -43*l. What is the remainder when l is divided by 134?
7
Let s = -793 - -1361. Let o = -520 + s. Calculate the remainder when o is divided by 12.
0
Suppose 5*f - 204 = -v + 2*v, -4*f - 3*v + 167 = 0. Let h = 60 - -64. What is the remainder when f is divided by h/(-93)*21/(-2)?
13
Let q = 250 - 232. Calculate the remainder when 77 is divided by (-13)/((-13)/q) - (4 + -2).
13
Suppose 15*h - 19402 = 8*h - 82*h. Calculate the remainder when h is divided by 8.
2
Suppose k + 0*r = 2*r + 44, 0 = 5*k - 4*r - 190. Suppose -110 = -8*y + k. Let h = 14 - 9. What is the remainder when y is divided by h?
3
Let d = 5032 - 4337. What is the remainder when d is divided by 338?
19
Let d = 2113 + -1266. Calculate the remainder when d is divided by 16.
15
Suppose -5*b + 33 + 62 = 0. Let p(n) = -6*n**2 - 6*n**3 - n**3 - 7 + 6*n**3 - 3*n. Calculate the remainder when p(-7) is divided by b.
6
What is the remainder when 36 is divided by 23 + -3 + -4 + 18?
2
Calculate the remainder when 736/2*(259/(-28) + 10) is divided by (-4)/(-20) - (-174)/5.
31
Let f(d) = 62*d - 242. Let c be f(4). Suppose -104 = -2*n + 3*b - 2*b, 0 = -3*b - c. Suppose 0 = -3*o + 7*o - 120. What is the remainder when n is divided by o?
21
Suppose 3*a + 163 = 2*y - 171, 3*a = -3*y + 486. Let q = -55 + 110. Calculate the remainder when y is divided by q.
54
Suppose 0 = -7*o + 473 + 416. What is the remainder when 491 is divided by o?
110
Suppose 19*h = 99*h - 116720. Calculate the remainder when h is divided by 8.
3
Suppose -2694 = -3*x + 3*k, -5*k - 7184 = -72*x + 64*x. What is the remainder when x is divided by 53?
50
Let r = 24 - 6. Let b = 65 - 67. Calculate the remainder when 3/b*(-1610)/69 is divided by r.
17
Let o = 5138 + -4114. Calculate the remainder when o is divided by 206.
200
Suppose -y + 18 = -6*x - 73, 5*y - 3*x - 536 = 0. Suppose -2*q + 3 = -25. Calculate the remainder when y is divided by q.
11
Let d = -2845 - -3137. What is the remainder when 619 is divided by d?
35
Let a be (5/(-1))/(10/(-20)). Suppose -2*l - 4*i + a = 3*l, 0 = -i - 5. Suppose -15*r + l*r = -81. What is the remainder when 124 is divided by r?
7
Let b(k) = -2*k**2 - 65*k + 70. Calculate the remainder when b(-25) is divided by 12.
1
Let i = 278 - 192. Suppose -2*y + 5*o + i = 0, 10*y + 2*o - 215 = 5*y. Calculate the remainder when y is divided by 17.
9
Suppose 11*w = 5*w + 894. Let t = -69 + w. What is the remainder when 558 is divided by t?
78
Let q = 33326 - 28288. Calculate the remainder when q is divided by 80.
78
Let c = 31 - 22. Suppose c*a = a + 944. Suppose -8*x - a = -10*x. What is the remainder when x is divided by 6?
5
Let r = 10763 - 10434. What is the remainder when 667 is divided by r?
9
What is the remainder when 284 is divided by 25794/144 + 45/(-40)?
106
Let f be 0/((-95)/(-19) - (7 - 0)). Suppose -798 = -19*h - f*h. Calculate the remainder when h is divided by 14.
0
Let n = 3421 + -3397. Calculate the remainder when 838 is divided by n.
22
What is the remainder when 2135 is divided by 702 + 10/4*308/110?
8
Let j = 37 - 36. Calculate the remainder when j + 7 + 33222/42 is divided by 16.
15
Suppose -4*x = 4*c - 892, 18 - 13 = -5*c. Let q = x + 450. What is the remainder when q is divided by 45?
44
Let a = 1807 + -1506. What is the remainder when a is divided by 42?
7
Suppose 0 = 4*m + 4*t - 8500, 5*m - 4*t - 9837 - 752 = 0. What is the remainder when m is divided by 12?
9
Suppose 2*f - 5*x = -0 + 68, 2*f = -5*x + 28. Let b(d) = -2*d**3 + d**2 - 3*d + 3. Let a be b(2). What is the remainder when 71 is divided by 10/(f/a + 2)?
21
Let f = 22557 + -22407. What is the remainder when 879 is divided by f?
129
Suppose -3*m = -3*r - 147, -5*m = -4*r - 20 - 221. Calculate the remainder when 11969 is divided by m.
44
Suppose 908 = 4*c - z, 83*c + 412 = 85*c - 4*z. Calculate the remainder when c is divided by 176/3 - (-2)/6.
53
Let s = 2132 + -1719. What is the remainder when s is divided by 83?
81
Let f = -40522 - -42957. Calculate the remainder when f is divided by 351.
329
Suppose 55*z - 5*x - 132 = 52*z, 0 = -2*x + 6. Calculate the remainder when z is divided by 18.
13
Suppose 10*g - 9*g = 2*j - 266, 9*j + 3*g = 1197. What is the remainder when 236 is divided by j?
103
Let k = -7 - -23. Calculate the remainder when (-70)/30 - 9457/(-147) is divided by (18/3)/(3/k).
30
Suppose 7 = -4*j + 31. Suppose 0*a - 2*a = 31*a - 1716. Calculate the remainder when a is divided by j.
4
Suppose -3*b - 2*b - 62 = -7*b. What is the remainder when 250 is divided by b?
2
Let g(i) be the first derivative of -i**4/4 + 11*i**3/3 - 14*i**2 + i + 22. Let h be g(7). What is the remainder when (-402)/(-10) + h/(-5) is divided by 19?
2
What is the remainder when 1270 is divided by (6/36)/1*(-837)/18*-4?
30
Suppose -3*n + 32 = -2*n + z, -5*n + 3*z = -176. What is the remainder when 269 is divided by n?
31
Let k = 69 - 5. Suppose -k = 6*r - 10*r. What is the remainder when 77 is divided by r?
13
Let y = 11 - -2. Let r be 15/(-11 + 6) + 6. Suppose -4*j + 0*q + 5*q = -187, -5*q = r*j - 149. What is the remainder when j is divided by y?
9
Suppose -14*v + 4143 + 4937 = 26*v. What is the remainder when 924 is divided by v?
16
Let f = -61 - -103. Let g(w) = 5*w + 37. Let l be g(-7). Suppose 2*p - 36 = -4*c, -29*c - 25 = -32*c - l*p. What is the remainder when f is divided by c?
9
Suppose -m - 6 + 1 = -2*l, -2*l - 3*m = -17. Suppose 119 = 11*q - l*q. What is the remainder when 118 is divided by q?
16
Let w be 4/(-6*(-14)/2877). Suppose -86 + w = 3*p. What is the remainder when 150 is divided by p?
14
What is the remainder when 428 is divided by 201 + (-2 - (-195)/(-15))?
56
Let y(f) = 19*f**3 - 3*f**2 - 3*f + 6. Let v be y(2). Suppose -v*l - 1970 = -150*l. What is the remainder when l is divided by 33?
32
Let a be 52/14 + (-46)/(-161) - -256. Let l = a + -248. Calculate the remainder when 57 is divided by l.
9
Calculate the remainder when (-21)/((-2499)/73984) - 5/((-35)/2) is divided by 26.
24
Let x(a) = a**2 - 11*a - 124. Let i be x(18). Suppose -i*h - 5*j = -690, 4*h - 420 - 916 = j. What is the remainder when h is divided by 85?
80
Let a(s) = 5*s**2 + 5*s + 2. Let j be a(-1). Suppose -g = 1, 0 = n + j*g - 7*g - 9. Calculate the remainder when 70 is divided by n.
2
Let x(j) = j**3 + 2*j**2 + 3*j - 27. Let o be x(0). Calculate the remainder when ((-549)/(-27))/((-3)/o) is divided by 65.
53
Let v(f) = 3*f**2 - 12*f + 27. What is the remainder when 331 is divided by v(5)?
37
What is the remainder when 5848 is divided by ((-5 - (-39)/6)*-3)/(4/(-8))?
7
Suppose 60 = 3*k - 3*p, -3*k - 5*p + 26 = -34. Suppose 24*i - w - 353 = k*i, -5*w = -2*i + 181. Calculate the remainder when i is divided by 75.
13
Let v = 2502 - 2449. Calculate the remainder when v is divided by 5.
3
Let f(x) = -23 - 10*x - 1 - 2*x**2 - 15*x - 8*x. Let a(d) = d**2 + 11*d + 8. Let q(r) = 8*a(r) + 3*f(r). What is the remainder when q(7) is divided by 5?
3
Let d(l) be the second derivative of l**4/12 + 7*l**3/3 - 15*l**2 - 3*l + 10. What is the remainder when 82 is divided by d(2)?
0
Suppose 6 = 14*y - 11*y. Let k(p) = 110*p**2 - 109*p**y - 4 - 8 + 13*p. What is the remainder when 14 is divided by k(-14)?
0
Let p(r) = -27*r - 110. Let b be p(-5). Suppose -37*s = -b*s - 456. What is the remainder when s is divided by 30?
8
Suppose -q + 9474 = 7*q + 594. What is the remainder when q is divided by 68?
22
Let s = -26646 + 26651. Calculate the remainder when 4352 is divided by s.
2
Suppo